516020 a multiple of 10?
True
Is 5810991248 a multiple of 305?
False
Is 9 a factor of 20848356?
True
Is 12645688 a multiple of 136?
True
Is 1278442897 a multiple of 356?
False
Does 14 divide 20795696?
False
Is 56982744 a multiple of 482?
False
Does 95 divide 5622290?
True
Is 2324346675 a multiple of 775?
True
Is 2196541 a multiple of 184?
False
Is 18308388 a multiple of 770?
False
Is 633 a factor of 30561320?
False
Is 60865363 a multiple of 3?
False
Does 8 divide 30246447?
False
Is 271506410 a multiple of 2765?
True
Is 159711985 a multiple of 8?
False
Is 20844872 a multiple of 253?
False
Is 405 a factor of 1642549?
False
Does 7 divide 15586003?
False
Does 3233 divide 2376503941?
True
Does 2373 divide 4759388466?
True
Is 112 a factor of 111900944?
False
Does 12 divide 58814752?
False
Is 4 a factor of 213220844?
True
Does 37 divide 5536304329?
False
Is 194732421 a multiple of 349?
False
Is 1252 a factor of 26257585?
False
Does 2412 divide 25811047?
False
Is 34 a factor of 429344996?
True
Is 416 a factor of 22313089?
False
Is 23 a factor of 293270562?
True
Is 70 a factor of 979994492?
False
Is 10 a factor of 2339287410?
True
Does 694 divide 72674292?
True
Does 42 divide 21080010?
True
Is 1989324 a multiple of 9?
True
Is 5 a factor of 174962558?
False
Does 70 divide 30810150?
True
Is 10 a factor of 2839408?
False
Does 3 divide 13406696?
False
Is 161204183 a multiple of 119?
True
Does 347 divide 14003185?
True
Does 1730 divide 112944780?
True
Is 621 a factor of 54582174?
True
Is 429718942 a multiple of 25?
False
Is 703 a factor of 371731637?
True
Does 28 divide 1809556?
True
Does 9 divide 11157831?
True
Does 2039 divide 185598062?
False
Does 3 divide 67798894?
False
Is 4 a factor of 11947379?
False
Is 395 a factor of 34382558?
False
Is 472 a factor of 594750208?
True
Is 677 a factor of 17461184?
True
Does 16 divide 508489751?
False
Is 481 a factor of 205275430?
False
Is 1073980402 a multiple of 61?
False
Is 116889444 a multiple of 9?
True
Is 46011515 a multiple of 55?
True
Does 4 divide 55172138?
False
Does 3 divide 331596951?
True
Does 23 divide 648281?
False
Is 7 a factor of 136690365?
True
Does 12 divide 79505446?
False
Is 51498576 a multiple of 386?
True
Is 10 a factor of 38749310?
True
Is 1148 a factor of 134583484?
True
Does 22 divide 5806020?
True
Does 24 divide 16446072?
True
Does 1165 divide 2563669875?
True
Is 2093 a factor of 335204415?
True
Is 23 a factor of 99160107?
True
Does 197 divide 753583675?
False
Is 82 a factor of 3360352601?
False
Is 915551064 a multiple of 48?
False
Is 10505892 a multiple of 74?
False
Is 38 a factor of 167292469?
False
Does 123 divide 3140915?
False
Is 26508060 a multiple of 27?
True
Does 10 divide 42240066?
False
Does 8 divide 63396336?
True
Is 334807425 a multiple of 405?
True
Does 21 divide 585752895?
True
Does 35 divide 24143609?
False
Does 72 divide 743858415?
False
Is 100679330 a multiple of 651?
False
Is 94 a factor of 35749?
False
Is 15471902 a multiple of 127?
True
Is 448055518 a multiple of 26?
False
Is 46 a factor of 158512182?
True
Is 116 a factor of 584860687?
False
Is 327481336 a multiple of 611?
True
Does 742 divide 81299456?
True
Does 9 divide 26952816?
False
Does 73 divide 25024473?
True
Does 35 divide 27040125?
True
Is 2776032 a multiple of 18?
True
Does 2 divide 37902339?
False
Is 103 a factor of 1056714284?
False
Is 340411920 a multiple of 12?
True
Is 197384298 a multiple of 138?
True
Is 4699 a factor of 500713697?
False
Is 57 a factor of 320564979?
True
Is 31 a factor of 41543867?
False
Does 18 divide 1477858?
False
Is 17182092 a multiple of 4?
True
Is 4049841 a multiple of 9?
False
Is 8 a factor of 138331288?
True
Is 29073886 a multiple of 23?
True
Is 2583265342 a multiple of 155?
False
Is 34 a factor of 2368636676?
False
Does 33 divide 111923395?
False
Is 574 a factor of 172058796?
True
Does 300 divide 3572337?
False
Is 137164372 a multiple of 452?
True
Is 3398442 a multiple of 11?
False
Does 197 divide 617045963?
False
Is 115 a factor of 39907185?
True
Is 359 a factor of 188114478?
False
Is 1984 a factor of 696798656?
True
Is 2297506185 a multiple of 585?
True
Is 128 a factor of 40856135?
False
Does 638 divide 50690405?
False
Is 1732 a factor of 266670844?
True
Is 305279640 a multiple of 12?
True
Is 1040974308 a multiple of 356?
False
Does 156 divide 1914590652?
True
Does 14 divide 222774348?
False
Is 49994154 a multiple of 7?
True
Is 15391473 a multiple of 442?
False
Is 230802825 a multiple of 55?
True
Does 12 divide 1459035792?
True
Does 144 divide 164420928?
True
Is 169 a factor of 687323676?
True
Is 1214 a factor of 14906706?
True
Does 51 divide 227806800?
True
Is 28 a factor of 433753068?
True
Is 736 a factor of 36647648?
True
Is 70093698 a multiple of 474?
True
Does 456 divide 746389008?
True
Does 24 divide 655826328?
True
Is 2208410 a multiple of 10?
True
Is 4 a factor of 627647831?
False
Is 88 a factor of 18559728?
True
Does 4031 divide 193500093?
True
Does 111 divide 342789423?
True
Is 1138044 a multiple of 3?
True
Is 25 a factor of 23368525?
True
Does 316 divide 51299461?
False
Is 1660858982 a multiple of 1186?
True
Does 2007 divide 1109253297?
False
Is 109451235 a multiple of 3503?
True
Is 11361114 a multiple of 1446?
False
Is 16841755 a multiple of 1237?
True
Is 1160940971 a multiple of 37?
True
Is 1482660095 a multiple of 2338?
False
Is 157436647 a multiple of 1051?
True
Does 13 divide 43319601?
True
Does 37 divide 10295583?
True
Does 16 divide 902965175?
False
Is 67710720 a multiple of 192?
True
Does 98 divide 84685412?
False
Is 13 a factor of 220632880?
True
Does 3022 divide 30663911?
False
Is 134 a factor of 40138092?
True
Is 8 a factor of 752181360?
True
Is 200 a factor of 541887000?
True
Is 39739719 a multiple of 181?
False
Does 40 divide 162623225?
False
Is 53 a factor of 52974401?
True
Is 9 a factor of 8115348?
False
Is 35 a factor of 17453198?
False
Is 68128042 a multiple of 42?
False
Does 34 divide 254215178?
True
Is 4488 a factor of 424210332?
False
Is 197 a factor of 693349971?
True
Does 3930 divide 431667270?
True
Is 222704320 a multiple of 8?
True
Is 9573876020 a multiple of 13?
False
Is 1245003190 a multiple of 5702?
True
Is 1547 a factor of 24454976?
True
Does 17 divide 43764447?
False
Does 90 divide 2835036090?
True
Is 1575516875 a multiple of 1165?
True
Is 116 a factor of 13595084?
True
Does 147 divide 62537657?
False
Is 49 a factor of 174699735?
False
Is 2424000575 a multiple of 25?
True
Is 44 a factor of 133554960?
True
Is 46876498 a multiple of 119?
False
Does 24 divide 1809089853?
False
Does 317 divide 68325229?
True
Is 21 a factor of 17084109?
True
Is 453435501 a multiple of 32?
False
Is 11082101 a multiple of 21?
False
Is 30066680 a multiple of 2338?
True
Is 38 a factor of 3584780?
False
Does 370 divide 1874828151?
False
Is 11 a factor of 2376621621?
True
Is 12 a factor of 17262834?
False
Is 64011850 a multiple of 25?
True
Is 2896077838 a multiple of 74?
True
Is 2153 a factor of 148076881?
True
Is 40 a factor of 36732440?
True
Is 1616092240 a multiple of 20?
True
Is 57259437 a multiple of 22?
False
Is 35 a factor of 8204394?
False
Does 962 divide 23875536?
False
Is 1674030867 a multiple of 173?
True
Does 16 divide 253277872?
True
Is 122224488 a multiple of 40?
False
Is 1597 a factor of 12410287?
True
Is 1423 a factor of 2630527917?
True
Is 74 a factor of 31124622?
True
Does 1268 divide 62888572?
False
Does 1176 divide 229304712?
True
Is 11 a factor of 16978962?
True
Does 9 divide 381474009?
True
Is 3202985104 a multiple of 22?
True
Is 1165 a factor of 6771334160?
True
Is 46221120 a multiple of 88?
True
Is 3519985457 a multiple of 753?
False
Is 926286088 a multiple of 1944?
False
Is 137 a factor of 544144?
False
Does 3186 divide 229548114?
True
Is 354 a factor of 115012666?
False
Is 70355997 a multiple of 16?
False
Is 759 a factor of 58725348?
True
Is 19665051 a multiple of 5?
False
Is 63712242 a multiple of 22?
True
Does 9 divide 39462066?
True
Is 56 a factor of 97440104?
False
Is 48 a factor of 218205551?
False
Does 2487 divide 106674353?
False
Is 12245793 a multiple of 939?
False
Is 295442320 a multiple of 3706?
True
Is 1002637623 a multiple of 2420?
False
Is 19 a factor of 1731606819?
True
Does 50 divide 2167951?
False
Does 7 divide 35317056?